{"id":898,"date":"2021-12-09T10:11:13","date_gmt":"2021-12-09T10:11:13","guid":{"rendered":"https:\/\/www.devsnews.com\/wp\/volport\/?page_id=898"},"modified":"2023-02-07T11:44:31","modified_gmt":"2023-02-07T11:44:31","slug":"kontakt","status":"publish","type":"page","link":"https:\/\/rent-me.hr\/?page_id=898","title":{"rendered":"Kontakt"},"content":{"rendered":"\t\t<div data-elementor-type=\"wp-page\" data-elementor-id=\"898\" class=\"elementor elementor-898\">\n\t\t\t\t\t\t\t\t\t<section class=\"elementor-section elementor-top-section elementor-element elementor-element-bc9bd1d elementor-section-full_width elementor-section-height-default elementor-section-height-default\" data-id=\"bc9bd1d\" data-element_type=\"section\" data-settings=\"{&quot;background_background&quot;:&quot;classic&quot;}\">\n\t\t\t\t\t\t<div class=\"elementor-container elementor-column-gap-no\">\n\t\t\t\t\t<div class=\"elementor-column elementor-col-100 elementor-top-column elementor-element elementor-element-5aa99a4\" data-id=\"5aa99a4\" data-element_type=\"column\">\n\t\t\t<div class=\"elementor-widget-wrap elementor-element-populated\">\n\t\t\t\t\t\t\t\t<div class=\"elementor-element elementor-element-1f89bff elementor-widget elementor-widget-contact_tab bdevs-el contact_tab\" data-id=\"1f89bff\" data-element_type=\"widget\" data-settings=\"{&quot;design_style&quot;:&quot;style_1&quot;}\" data-widget_type=\"contact_tab.default\">\n\t\t\t\t<div class=\"elementor-widget-container\">\n\t\t\t\r\n        <div class=\"office-areas\">\r\n            <div class=\"container\">\r\n                <div class=\"row office-location g-0 wow fadeInUp2\">\r\n                    <div class=\"col-xl-12\">\r\n                        <nav>\r\n                            <div class=\"nav nav-tabs\" id=\"nav-tab\" role=\"tablist\">\r\n                                                                <button class=\"nav-link bdevs-el-tabtitle active\" id=\"nav-home-tab-Sjedi\u0161te\" data-bs-toggle=\"tab\"\r\n                                    data-bs-target=\"#nav-home-Sjedi\u0161te\" type=\"button\" role=\"tab\" aria-controls=\"nav-home-Sjedi\u0161te\"\r\n                                    aria-selected=\"true\">Sjedi\u0161te<\/button>\r\n                                   \r\n                            <\/div>\r\n                        <\/nav>\r\n                        <div class=\"tab-content\" id=\"nav-tabContent\">\r\n                                                        <div class=\"tab-pane fade show show active\" id=\"nav-home-Sjedi\u0161te\" role=\"tabpanel\"\r\n                                aria-labelledby=\"nav-home-tab-Sjedi\u0161te\">\r\n                                <style><\/style>\t\t<div data-elementor-type=\"landing-page\" data-elementor-id=\"985\" class=\"elementor elementor-985\">\n\t\t\t\t\t\t\t\t\t<section class=\"elementor-section elementor-top-section elementor-element elementor-element-44bff53 elementor-section-full_width elementor-section-height-default elementor-section-height-default\" data-id=\"44bff53\" data-element_type=\"section\">\n\t\t\t\t\t\t<div class=\"elementor-container elementor-column-gap-no\">\n\t\t\t\t\t<div class=\"elementor-column elementor-col-100 elementor-top-column elementor-element elementor-element-a8dceba\" data-id=\"a8dceba\" data-element_type=\"column\">\n\t\t\t<div class=\"elementor-widget-wrap elementor-element-populated\">\n\t\t\t\t\t\t\t\t<div class=\"elementor-element elementor-element-4c1b554 elementor-widget elementor-widget-contact_info bdevs-el contact_info\" data-id=\"4c1b554\" data-element_type=\"widget\" data-widget_type=\"contact_info.default\">\n\t\t\t\t<div class=\"elementor-widget-container\">\n\t\t\t        <div class=\"row g-0\">\r\n            <div class=\"col-lg-5\">\r\n                <ul class=\"office-address\">\r\n                                        <li>\r\n                        <div class=\"office-address-icon\">\r\n                                                                <i aria-hidden=\"true\" class=\" flaticon-map\"><\/i>                                                    <\/div>\r\n                        <div class=\"office-address-meta\">\r\n                                                            <h5>Adresa<\/h5>\r\n                                                                                <span>Borgo 8, Tar-Torre<\/span>\r\n                                                <\/div>\r\n                    <\/li>\r\n                                         <li>\r\n                        <div class=\"office-address-icon\">\r\n                                                                <i aria-hidden=\"true\" class=\" flaticon-call\"><\/i>                                                    <\/div>\r\n                        <div class=\"office-address-meta\">\r\n                                                            <h5>Telefon<\/h5>\r\n                                                                                <span>+385 99 242 1012<\/span>\r\n                                                <\/div>\r\n                    <\/li>\r\n                                         <li>\r\n                        <div class=\"office-address-icon\">\r\n                                                                <i aria-hidden=\"true\" class=\" flaticon-envelope\"><\/i>                                                    <\/div>\r\n                        <div class=\"office-address-meta\">\r\n                                                            <h5> Email adresa<\/h5>\r\n                                                                                <span>Tomislav Mikicic tomo.ducati(at)gmail.com<\/span>\r\n                                                <\/div>\r\n                    <\/li>\r\n                                     <\/ul>\r\n            <\/div>\r\n                        <div class=\"col-lg-7\">\r\n                <div class=\"office-img\">\r\n                    <img decoding=\"async\" src=\"https:\/\/rent-me.hr\/wp-content\/uploads\/2022\/10\/102992348.jpg\" alt=\"img\">\r\n                <\/div>\r\n            <\/div>\r\n                    <\/div>\r\n\r\n        \t\t<\/div>\n\t\t\t\t<\/div>\n\t\t\t\t\t<\/div>\n\t\t<\/div>\n\t\t\t\t\t\t\t<\/div>\n\t\t<\/section>\n\t\t\t\t\t\t\t<\/div>\n\t\t                            <\/div>\r\n                                                    <\/div>\r\n                    <\/div>\r\n                <\/div>\r\n            <\/div>\r\n        <\/div>\r\n\r\n        \t\t<\/div>\n\t\t\t\t<\/div>\n\t\t\t\t\t<\/div>\n\t\t<\/div>\n\t\t\t\t\t\t\t<\/div>\n\t\t<\/section>\n\t\t\t\t<section class=\"elementor-section elementor-top-section elementor-element elementor-element-9cf91b2 elementor-section-full_width elementor-section-height-default elementor-section-height-default\" data-id=\"9cf91b2\" data-element_type=\"section\">\n\t\t\t\t\t\t<div class=\"elementor-container elementor-column-gap-no\">\n\t\t\t\t\t<div class=\"elementor-column elementor-col-100 elementor-top-column elementor-element elementor-element-1060d43\" data-id=\"1060d43\" data-element_type=\"column\">\n\t\t\t<div class=\"elementor-widget-wrap elementor-element-populated\">\n\t\t\t\t\t\t\t\t<div class=\"elementor-element elementor-element-d145a8b elementor-widget elementor-widget-cf7 bdevs-el cf7\" data-id=\"d145a8b\" data-element_type=\"widget\" data-settings=\"{&quot;design_style&quot;:&quot;style_1&quot;}\" data-widget_type=\"cf7.default\">\n\t\t\t\t<div class=\"elementor-widget-container\">\n\t\t\t                 <!-- contact form area  -->\r\n        <div class=\"contact-form\">\r\n            <div class=\"contact-form-inner\">\r\n                <div class=\"container\">\r\n                    <div class=\"row wow fadeInUp2\">\r\n                                                <div class=\"col-xl-12\">\r\n                            <div class=\"section-title text-center mb-60\">\r\n                                                                <span class=\"category\">Po\u0161aljite upit<\/span>\r\n                                                                                                <h2>Slobodno nas kontaktirajte<\/h2>\r\n                                                            <\/div>\r\n                        <\/div>\r\n                                                <div class=\"col-xl-12\">\r\n                            <div class=\"sd-form tmd-form\">\r\n                                 <div role=\"form\" class=\"wpcf7\" id=\"wpcf7-f676-o1\" lang=\"en-US\" dir=\"ltr\">\n<div class=\"screen-reader-response\"><p role=\"status\" aria-live=\"polite\" aria-atomic=\"true\"><\/p> <ul><\/ul><\/div>\n<form action=\"\/index.php?rest_route=%2Fwp%2Fv2%2Fpages%2F898#wpcf7-f676-o1\" method=\"post\" class=\"wpcf7-form init bdevs-cf7-form\" novalidate=\"novalidate\" data-status=\"init\">\n<div style=\"display: none;\">\n<input type=\"hidden\" name=\"_wpcf7\" value=\"676\" \/>\n<input type=\"hidden\" name=\"_wpcf7_version\" value=\"5.6.1\" \/>\n<input type=\"hidden\" name=\"_wpcf7_locale\" value=\"en_US\" \/>\n<input type=\"hidden\" name=\"_wpcf7_unit_tag\" value=\"wpcf7-f676-o1\" \/>\n<input type=\"hidden\" name=\"_wpcf7_container_post\" value=\"0\" \/>\n<input type=\"hidden\" name=\"_wpcf7_posted_data_hash\" value=\"\" \/>\n<\/div>\n<div class=\"row\">\n<div class=\"col-lg-4\">\n        <span class=\"wpcf7-form-control-wrap\" data-name=\"your-name\"><input type=\"text\" name=\"your-name\" value=\"\" size=\"40\" class=\"wpcf7-form-control wpcf7-text wpcf7-validates-as-required\" aria-required=\"true\" aria-invalid=\"false\" placeholder=\"Va\u0161e ime\" \/><\/span>\n    <\/div>\n<div class=\"col-lg-4\">\n        <span class=\"wpcf7-form-control-wrap\" data-name=\"your-phone\"><input type=\"text\" name=\"your-phone\" value=\"\" size=\"40\" class=\"wpcf7-form-control wpcf7-text wpcf7-validates-as-required\" aria-required=\"true\" aria-invalid=\"false\" placeholder=\"Telefon\" \/><\/span>\n    <\/div>\n<div class=\"col-lg-4\">\n        <span class=\"wpcf7-form-control-wrap\" data-name=\"your-email\"><input type=\"email\" name=\"your-email\" value=\"\" size=\"40\" class=\"wpcf7-form-control wpcf7-text wpcf7-email wpcf7-validates-as-required wpcf7-validates-as-email\" aria-required=\"true\" aria-invalid=\"false\" placeholder=\"Email adresa\" \/><\/span>\n    <\/div>\n<div class=\"col-lg-12\">\n        <span class=\"wpcf7-form-control-wrap\" data-name=\"your-message\"><textarea name=\"your-message\" cols=\"40\" rows=\"10\" class=\"wpcf7-form-control wpcf7-textarea message\" id=\"message\" aria-invalid=\"false\" placeholder=\"Poruka\"><\/textarea><\/span>\n    <\/div>\n<div class=\"col-lg-12 text-center\">\n       <button class=\"shutter-btn\" type=\"submit\">Po\u0161alji upit<\/button>\n    <\/div>\n<\/div>\n<div class=\"wpcf7-response-output\" aria-hidden=\"true\"><\/div><\/form><\/div>                            <\/div>\r\n                        <\/div>\r\n                    <\/div>\r\n                <\/div>\r\n            <\/div>\r\n        <\/div>\r\n        <!-- contact form end -->\r\n    \r\n\r\n        \t\t<\/div>\n\t\t\t\t<\/div>\n\t\t\t\t\t<\/div>\n\t\t<\/div>\n\t\t\t\t\t\t\t<\/div>\n\t\t<\/section>\n\t\t\t\t<section class=\"elementor-section elementor-top-section elementor-element elementor-element-6c39c59 elementor-section-full_width elementor-section-height-default elementor-section-height-default\" data-id=\"6c39c59\" data-element_type=\"section\">\n\t\t\t\t\t\t<div class=\"elementor-container elementor-column-gap-no\">\n\t\t\t\t\t<div class=\"elementor-column elementor-col-100 elementor-top-column elementor-element elementor-element-5cff9fe\" data-id=\"5cff9fe\" data-element_type=\"column\">\n\t\t\t<div class=\"elementor-widget-wrap elementor-element-populated\">\n\t\t\t\t\t\t\t\t<div class=\"elementor-element elementor-element-3c76a41 elementor-widget elementor-widget-google_maps\" data-id=\"3c76a41\" data-element_type=\"widget\" data-widget_type=\"google_maps.default\">\n\t\t\t\t<div class=\"elementor-widget-container\">\n\t\t\t<style>\/*! elementor - v3.7.0 - 08-08-2022 *\/\n.elementor-widget-google_maps .elementor-widget-container{overflow:hidden}.elementor-widget-google_maps iframe{height:300px}<\/style>\t\t<div class=\"elementor-custom-embed\">\n\t\t\t<iframe frameborder=\"0\" scrolling=\"no\" marginheight=\"0\" marginwidth=\"0\"\n\t\t\t\t\tsrc=\"https:\/\/maps.google.com\/maps?q=Borgo%208%2C%20524650%20Tar-Torre&#038;t=m&#038;z=10&#038;output=embed&#038;iwloc=near\"\n\t\t\t\t\ttitle=\"Borgo 8, 524650 Tar-Torre\"\n\t\t\t\t\taria-label=\"Borgo 8, 524650 Tar-Torre\"\n\t\t\t><\/iframe>\n\t\t<\/div>\n\t\t\t\t<\/div>\n\t\t\t\t<\/div>\n\t\t\t\t\t<\/div>\n\t\t<\/div>\n\t\t\t\t\t\t\t<\/div>\n\t\t<\/section>\n\t\t\t\t<section class=\"elementor-section elementor-top-section elementor-element elementor-element-8466c55 elementor-section-boxed elementor-section-height-default elementor-section-height-default\" data-id=\"8466c55\" data-element_type=\"section\">\n\t\t\t\t\t\t<div class=\"elementor-container elementor-column-gap-default\">\n\t\t\t\t\t<div class=\"elementor-column elementor-col-100 elementor-top-column elementor-element elementor-element-f0d1c11\" data-id=\"f0d1c11\" data-element_type=\"column\">\n\t\t\t<div class=\"elementor-widget-wrap elementor-element-populated\">\n\t\t\t\t\t\t\t\t<div class=\"elementor-element elementor-element-39d8da5 elementor-widget elementor-widget-text-editor\" data-id=\"39d8da5\" data-element_type=\"widget\" data-widget_type=\"text-editor.default\">\n\t\t\t\t<div class=\"elementor-widget-container\">\n\t\t\t<style>\/*! elementor - v3.7.0 - 08-08-2022 *\/\n.elementor-widget-text-editor.elementor-drop-cap-view-stacked .elementor-drop-cap{background-color:#818a91;color:#fff}.elementor-widget-text-editor.elementor-drop-cap-view-framed .elementor-drop-cap{color:#818a91;border:3px solid;background-color:transparent}.elementor-widget-text-editor:not(.elementor-drop-cap-view-default) .elementor-drop-cap{margin-top:8px}.elementor-widget-text-editor:not(.elementor-drop-cap-view-default) .elementor-drop-cap-letter{width:1em;height:1em}.elementor-widget-text-editor .elementor-drop-cap{float:left;text-align:center;line-height:1;font-size:50px}.elementor-widget-text-editor .elementor-drop-cap-letter{display:inline-block}<\/style>\t\t\t\t<p>Puni naziv tvrtke: RENT ME j.d.o.o. | OIB:72720604759 |MBS:130091926 | Adresa:Borgo 8, Vabriga, 542465 Tar-Torre | Telefon:099-242-10-12 | Mjesto i godinja osnivanja dru\u0161tva: Trgova\u010dki sud u Pazinu| Registracijski broj:5055008 | Broj ra\u010duna:HR3024840081135104285 | Temeljni kapital:10,00kn | Osniva\u010di, \u010dlanovi dru\u0161tva i direktori:Tomislav Miki\u010di\u0107\u00a0<\/p>\t\t\t\t\t\t<\/div>\n\t\t\t\t<\/div>\n\t\t\t\t\t<\/div>\n\t\t<\/div>\n\t\t\t\t\t\t\t<\/div>\n\t\t<\/section>\n\t\t\t\t\t\t\t<\/div>\n\t\t","protected":false},"excerpt":{"rendered":"<p>Sjedi\u0161te Adresa Borgo 8, Tar-Torre Telefon +385 99 242 1012 Email adresa Tomislav Mikicic tomo.ducati(at)gmail.com Po\u0161aljite upit Slobodno nas kontaktirajte Po\u0161alji upit Puni naziv tvrtke: RENT ME j.d.o.o. | OIB:72720604759 |MBS:130091926 | Adresa:Borgo 8, Vabriga, 542465 Tar-Torre | Telefon:099-242-10-12 | Mjesto i godinja osnivanja dru\u0161tva: Trgova\u010dki sud u Pazinu| Registracijski broj:5055008 | Broj ra\u010duna:HR3024840081135104285 | [&hellip;]<\/p>\n","protected":false},"author":1,"featured_media":0,"parent":0,"menu_order":0,"comment_status":"closed","ping_status":"closed","template":"elementor_header_footer","meta":{"footnotes":""},"class_list":["post-898","page","type-page","status-publish","hentry"],"acf":[],"_links":{"self":[{"href":"https:\/\/rent-me.hr\/index.php?rest_route=\/wp\/v2\/pages\/898","targetHints":{"allow":["GET"]}}],"collection":[{"href":"https:\/\/rent-me.hr\/index.php?rest_route=\/wp\/v2\/pages"}],"about":[{"href":"https:\/\/rent-me.hr\/index.php?rest_route=\/wp\/v2\/types\/page"}],"author":[{"embeddable":true,"href":"https:\/\/rent-me.hr\/index.php?rest_route=\/wp\/v2\/users\/1"}],"replies":[{"embeddable":true,"href":"https:\/\/rent-me.hr\/index.php?rest_route=%2Fwp%2Fv2%2Fcomments&post=898"}],"version-history":[{"count":34,"href":"https:\/\/rent-me.hr\/index.php?rest_route=\/wp\/v2\/pages\/898\/revisions"}],"predecessor-version":[{"id":3158,"href":"https:\/\/rent-me.hr\/index.php?rest_route=\/wp\/v2\/pages\/898\/revisions\/3158"}],"wp:attachment":[{"href":"https:\/\/rent-me.hr\/index.php?rest_route=%2Fwp%2Fv2%2Fmedia&parent=898"}],"curies":[{"name":"wp","href":"https:\/\/api.w.org\/{rel}","templated":true}]}}